 - 10. Give t(-2).
100
Let j(i) = i**2 - 6*i + 12. Give j(7).
19
Let z(k) = 3*k**2 - 131*k + 88. Determine z(43).
2
Let k(r) = -r**3 + r**2 + r + 10. Determine k(0).
10
Let i(t) = 5*t + 3. Calculate i(-2).
-7
Let y(j) = 4*j**3 - 4*j**2 - 10*j - 5. What is y(-2)?
-33
Let z(g) = g**2 - 59*g - 185. Give z(62).
1
Let v(r) = r**3 + 19*r**2 - 16. Calculate v(-19).
-16
Let b(r) = -r**3 + 3*r**2 + 4*r. What is b(4)?
0
Let h(s) = s**2 - 14*s - 3. Give h(14).
-3
Let o(q) = -3*q + 14. What is o(6)?
-4
Let x(z) = z - 17. Give x(12).
-5
Let c(x) = -6*x - 5. Determine c(-3).
13
Let u(v) = 31*v - 26. What is u(1)?
5
Let c(m) = -m**2 + 2*m + 11. What is c(0)?
11
Let l(f) = -4*f - 22. What is l(-15)?
38
Let x(i) = i**3 + 18*i**2 + 44*i + 5. What is x(-15)?
20
Let w(r) = 8*r + 93. Calculate w(-12).
-3
Let v(x) = 15*x - 51. Calculate v(4).
9
Let f(n) = n**3 - 4*n**2 - 4*n + 4. Determine f(5).
9
Let j(c) = -c**2 + 8*c - 6. Give j(8).
-6
Let i(q) = -q**3 + 2*q**2 - 2. What is i(2)?
-2
Let h(m) = m**3 - 4*m**2 + 4. What is h(3)?
-5
Let a(c) = -c**3 + 12*c**2 - 13*c + 15. What is a(11)?
-7
Let d(x) = -13*x - 2. What is d(2)?
-28
Let x(g) = g**3 - 5*g**2 - g + 3. Determine x(4).
-17
Let m(l) = -l**3 - l**2 + 5*l - 2. Calculate m(4).
-62
Let u(a) = a**2 + 39*a + 195. What is u(-33)?
-3
Let u(l) = -8*l - 8. Determine u(-1).
0
Let b(g) = -27*g**2 + 4*g + 2. Give b(2).
-98
Let m(a) = -a**2 + 3*a + 4. Determine m(3).
4
Let x(j) = j**3 + 10*j**2 - 2. What is x(-10)?
-2
Let s(c) = -4*c**2 - 6*c - 5. Calculate s(-5).
-75
Let u(g) = g**3 - 15*g**2 + 3*g - 19. Determine u(15).
26
Let n(o) = o**2 - 8*o - 12. What is n(9)?
-3
Let o(x) = x**3 - x**2 - 5*x - 2. Determine o(-2).
-4
Let v(t) = t + 3. What is v(0)?
3
Let m(g) = -g**3 - 5*g**2 - 7*g + 3. Give m(-6).
81
Let g(c) = -12*c**2 - 2*c + 1. What is g(1)?
-13
Let o(z) = -z**2 - 33*z - 187. What is o(-9)?
29
Let o(p) = 110*p + 877. What is o(-8)?
-3
Let b(h) = -6*h + 4. Calculate b(2).
-8
Let b(t) = t**2 + 4*t - 1. Calculate b(-4).
-1
Let b(x) = 2*x**2 - 2*x - 20. Calculate b(-3).
4
Let c(o) = o - 55. What is c(55)?
0
Let j(q) = q**2 + 3*q - 19. What is j(6)?
35
Let n(f) = 2*f**2 - 3*f + 5. What is n(2)?
7
Let b(q) = 2*q**3 + q**2 + 2*q + 1. What is b(2)?
25
Let d(x) = -x**3 - 5*x**2 + 4*x + 5. Calculate d(-5).
-15
Let v(z) = 7*z - 30. Give v(16).
82
Let b(d) = d**3 + 4*d**2 - 7*d - 6. Determine b(-4).
22
Let d(x) = -21*x + 5. Calculate d(6).
-121
Let z(n) = 2*n**2 - 20*n + 29. Calculate z(9).
11
Let q(i) = i**2 + 16*i + 3. Determine q(-15).
-12
Let i(n) = -3*n - 12. Calculate i(-6).
6
Let p(t) = -3*t + 13. Determine p(7).
-8
Let q(a) = -a**3 + 7*a**2 - 6*a - 3. Determine q(5).
17
Let s(o) = -o**2 + 12. Determine s(-3).
3
Let x(f) = 4*f**2 - 29*f + 17. Give x(7).
10
Let g(v) = -2*v**3 - 3*v - 4. Determine g(-3).
59
Let h(t) = -45*t + 228. Calculate h(5).
3
Let r(c) = 4*c - 25. What is r(5)?
-5
Let f(n) = n**3 - 2*n**2 + 27*n - 46. Calculate f(2).
8
Let g(x) = 4*x**2 - x - 1. Calculate g(-1).
4
Let h(v) = -v**2 + 13*v - 7. Determine h(6).
35
Let v(a) = a**3 - a**2 - 28. Determine v(0).
-28
Let p(m) = 17*m + 109. Calculate p(-8).
-27
Let a(s) = -s**2 + 76. Give a(-12).
-68
Let f(r) = 2*r - 1. Give f(-5).
-11
Let z(a) = -a**2 - 12*a - 25. What is z(-8)?
7
Let l(u) = -4*u + 40. Give l(9).
4
Let o(h) = h**2 + 12*h + 18. Calculate o(-10).
-2
Let a(x) = -x**2 + 8*x. What is a(8)?
0
Let z(a) = a**3 + a**2 + 8*a + 24. Give z(0).
24
Let v(z) = -2*z**2 + 66*z + 388. Give v(38).
8
Let b(f) = f**3 - f + 2. What is b(-2)?
-4
Let t(d) = -2*d**3 - 4*d**2 - 3*d + 6. Determine t(3).
-93
Let l(b) = -17*b - 175. Calculate l(-11).
12
Let c(f) = -f + 2. Give c(-4).
6
Let h(o) = o + 2. What is h(-3)?
-1
Let b(d) = -2*d**2 - 4*d - 5. Calculate b(-5).
-35
Let p(l) = 3*l + 1. What is p(3)?
10
Let b(c) = c**2 - 10*c + 20. What is b(8)?
4
Let g(b) = 35*b + 280. Give g(-8).
0
Let h(g) = 2*g**3 + g**2 + 2*g + 4. Determine h(-2).
-12
Let r(v) = -7*v + 92. Calculate r(13).
1
Let z(g) = -g**3 + 16*g**2 - 12*g - 27. Determine z(15).
18
Let u(n) = 12*n - 85. Give u(7).
-1
Let b(v) = 3*v - 20. What is b(18)?
34
Let q(f) = -8*f + 67. Determine q(9).
-5
Let m(l) = -5*l + 9. Give m(4).
-11
Let k(g) = -4*g - 100. Give k(-24).
-4
Let o(w) = 3*w**3 - 7*w**2 + w + 4. Calculate o(3).
25
Let u(r) = -3*r + 11. Determine u(26).
-67
Let s(g) = -35*g + 3. Determine s(-4).
143
Let k(h) = -h**3 - 6*h**2 + 12*h - 1. Determine k(-8).
31
Let p(l) = -7*l**3 + 3*l**2 - l - 1. Give p(-1).
10
Let u(w) = -4*w**2 - 39*w - 19. Give u(-10).
-29
Let p(w) = 15*w**2 - 1. What is p(1)?
14
Let y(i) = 2*i**3 - 15*i**2 + 9*i - 15. What is y(7)?
-1
Let n(l) = 6*l - 72. Calculate n(16).
24
Let y(d) = d - 4. What is y(-3)?
-7
Let c(b) = b**3 - 9*b**2 + 11*b - 11. Determine c(8).
13
Let i(q) = -q + 3. Determine i(6).
-3
Let g(y) = -13*y - 10. Determine g(0).
-10
Let y(j) = j + 4. Determine y(-5).
-1
Let g(t) = 4*t + 36. What is g(-8)?
4
Let t(n) = 4*n - 116. Determine t(28).
-4
Let k(f) = 7*f**2 + 2*f + 2. What is k(-1)?
7
Let x(j) = -j**2 - j + 8. Give x(-4).
-4
Let a(b) = b**3 - 10*b**2 + 13*b - 12. Calculate a(8).
-36
Let f(a) = a**3 + 13*a**2 + 20*a + 25. What is f(-12)?
-71
Let t(c) = -c**2 - 27*c + 111. Determine t(4).
-13
Let k(j) = -j**2 + 4*j + 5. What is k(4)?
5
Let c(r) = -r**2 + 10*r + 3. What is c(7)?
24
Let g(a) = -a**3 - 12*a**2 + 11*a + 5. What is g(-13)?
31
Let q(s) = -s**3 + 7*s. Give q(-3).
6
Let f(a) = 2*a - 43. Determine f(19).
-5
Let g(w) = 35*w - 247. Calculate g(7).
-2
Let o(t) = -t**3 + 7*t**2 - 10*t + 8. Calculate o(7).
-62
Let m(a) = 26*a - 171. Calculate m(7).
11
Let u(x) = -x**2 + 12*x + 22. What is u(12)?
22
Let x(t) = t**2 + 5*t + 5. Give x(-4).
1
Let p(d) = 2*d + 11. Give p(-9).
-7
Let x(h) = -9*h**2 + h - 1. Calculate x(2).
-35
Let z(d) = -d**3 - 2*d**2 + 8*d - 5. Determine z(-4).
-5
Let b(w) = -11*w**3 - 6*w + 4. Determine b(2).
-96
Let t(c) = 2*c - 13. Calculate t(13).
13
Let v(g) = 7*g + 8. Calculate v(-2).
-6
Let x(y) = 8*y + 213. Give x(-27).
-3
Let o(z) = -4*z + 120. Calculate o(29).
4
Let q(x) = 2*x**2 + 6*x + 1. Give q(-4).
9
Let s(p) = -p**3 - 8*p**2 - 10. Calculate s(-9).
71
Let p(m) = -5*m - 30. Calculate p(7).
-65
Let d(a) = 26*a - 151. Determine d(6).
5
Let v(m) = m**3 - m**2 + 6*m - 3. Calculate v(2).
13
Let k(x) = x**3 + x**2 - 14*x + 8. Determine k(5).
88
Let p(g) = -g**3 + 26*g**2 + 24*g + 66. What is p(27)?
-15
Let u(b) = -18*b - 269. Calculate u(-15).
1
Let l(p) = -p**3 - 8*p**2 + 24*p + 53. Give l(-10).
13
Let j(f) = 3*f - 5. What is j(3)?
4
Let o(i) = i**3 + 2*i + 5. What is o(0)?
5
Let u(f) = 3*f + 2. Calculate u(-3).
-7
Let p(c) = 6*c**2 - 2*c + 2. What is p(1)?
6
Let p(m) = -m**2 + 2*m + 1. What is p(-3)?
-14
Let r(w) = 19*w + 15. Calculate r(-3).
-42
Let h(z) = -z**2 - 13*z - 32. Calculate h(-9).
4
Let v(u) = -u**3 - 7*u**2 - 2*u - 6. Give v(-7).
8
Let c(l) = 2*l**2 + 43*l + 24. What is c(-21)?
3
Let t(o) = -19*o + 13. Determine t(4).
-63
Let w(b) = 2*b**2 - 30*b + 21. Give w(14).
-7
Let q(a) = a**2 - 9*a - 3. Determine q(8).
-11
Let a(d) = d**3 - 22*d**2 + 18*d + 34. Give a(21).
-29
Let t(l) = -l**3 - 3*l**2 - 2. What is t(-2)?
-6
Let q(x) = 2*x**2 + 27*x - 9. Calculate q(-14).
5
Let k(n) = 212*n + 625. What is k(-3)?
-11
Let m(w) = 31*w - 93. Give m(3).
0
Let t(l) = 15*l**2 - l. What is t(1)?
14
Let k(w) = w**3 - 4*w**2 - 4*w - 2. Give k(4).
-18
Let x(r) = -2*r**2 + 34*r - 64. What is x(15)?
-4
Let y(j) = -5*j**3 + 19*j**2 + 2*j + 7. What is y(4)?
-1
Let a(g) = -3*g**2 - 43*g - 20. Calculate a(-14).
-6
Let y(i) = i**3 - 6*i**2 - 11*i + 7. Determine y(7).
-21
Let p(m) = -m. Calculate p(5).
-5
Let d(y) = 10*y**2 + y + 6. Give d(1).
17
Let c(x) = x**2 + 20*x + 21. Determine c(-19).
2
Let g(w) = -w**3 + 11*w**2 - 2*w + 50. What is g(11)?
28
Let l(o) = o - 1. Determine l(3).
2
Let b(d) = d**3 - 7*d**2 - 6*d + 10. What is b(8)?
26
Let l(v) = v**2 + 4*v - 14. Determine l(-7).
7
Let j(s) = 70*s + 558. Give j(-8).
-2
Let p(c) = 3*c**2 + 11*c + 6. Calculate p(-4).
10
Let w(n) = -n**2 + 27*n + 10. What is w(26)?
36
Let f(h) = -6*h - 155. Determine f(-25).
-5
Let x(v) = 2*v**2 - 2*v + 4. Give x(3).
16
Let g(p) = p**2 - 2. Determine g(-5).
23
Let l(r) = -r**2 + 27*r - 57. Calculate l(25).
-7
Let k(g) = -2*g + 5. Give k(3).
-1
Let w(l) = 68*l - 1079